r of 106 and w.
53
Suppose -k - 23 = 5*f, 4*f = 3*k + 12 - 38. What is the greatest common factor of k and 181?
1
Let v = 2428 - 1648. What is the greatest common factor of 60 and v?
60
Suppose -5*w + 3 + 3 = 4*n, -2*n - 8 = -3*w. Let c be ((-78)/4 - -1)*w. Let q = c - -94. What is the greatest common divisor of 38 and q?
19
Suppose -t + m - 11 = 0, 2*t + 3*m + 38 = m. Let h = 45 - t. Calculate the highest common factor of h and 40.
20
Suppose 0 = s + 3*o + 2*o - 209, 5*s - 2*o = 937. Let c = s + -9. Let i be 1/((-303)/(-60) - 5). What is the greatest common divisor of c and i?
20
Let r be 18/27 - 46/(-3). Suppose -2*j = -r - 0. What is the highest common divisor of 88 and j?
8
Let f = 193 + -13. Calculate the greatest common divisor of f and 9.
9
Suppose -7*f - 756 = -3*f. Let s be (f/28)/(3/(-12)). Calculate the greatest common factor of 135 and s.
27
Suppose 880 = z + 4*z. Let s = 428 + -406. Calculate the highest common factor of z and s.
22
Suppose 3 = -2*v + 139. Let n(d) = 5*d**2 - 19*d + 2. Let i be n(8). Calculate the greatest common factor of i and v.
34
Let z be 56/((-13)/((-104)/16)). What is the highest common divisor of z and 98?
14
Let m be (-13)/(-2) - 2/4. Let c(v) = -v**2 + 4*v + 11. Let o be c(5). Calculate the greatest common factor of m and o.
6
Let l be (15/(-20))/((-3)/16). Suppose 16 = 2*k - l. What is the greatest common factor of 10 and k?
10
Let r be -2 + -1 + 4 + 38. Suppose -l = 2*l - r. Let q be (l - -3)/1 + -3. What is the highest common divisor of 91 and q?
13
Let n be (-10)/(-4)*28/5*1. Calculate the greatest common factor of n and 35.
7
Suppose 0 = 19*f - 32*f + 4823. What is the highest common divisor of 7 and f?
7
Suppose -4*b + 140 = 4*d, -138 = -4*b + 3*d - 5*d. Suppose -90 = -4*u - c, -4*c = -2*u + c + b. What is the highest common factor of 198 and u?
22
Suppose 210 - 264 = -3*z. Calculate the highest common factor of z and 333.
9
Suppose 9 = -x - 2. Let s = -6 - x. Suppose -s*l + 393 = -447. Calculate the highest common factor of l and 28.
28
Let n(y) = y**3 - 6*y**2 + 6*y + 5. Let g be n(2). What is the greatest common divisor of 8 and g?
1
Suppose 8*d - 525 = 3*d + 3*w, 5*d - w - 515 = 0. Let m be (-136)/3*(68/16 + -5). What is the greatest common divisor of d and m?
34
Let d(n) be the second derivative of n**5/20 - n**4/12 - 5*n**3/6 - 3*n**2 - 14*n. Let i be d(6). Calculate the greatest common factor of i and 16.
16
Let f = 12 - 15. Let z be (8/(-2))/(2/f). Let o be 237/z - 1/2. What is the greatest common divisor of o and 26?
13
Let o be (1/(-3))/((-20)/(-3520))*-6. What is the greatest common divisor of o and 22?
22
Let d be (130/(-4))/((-20)/40). What is the greatest common factor of 1235 and d?
65
Let v = -32 - -35. Suppose -48 = -3*r - v*r. Calculate the greatest common factor of r and 1.
1
Let m = -14 + 16. Let f be m + 0 + 4 + -2. Suppose 4*j - 89 = -f*d - j, 0 = -5*d - 3*j + 121. What is the highest common divisor of 286 and d?
26
Let o = 58 + 493. What is the greatest common divisor of o and 29?
29
Suppose -6*d = 26 - 170. Suppose d + 15 = 3*w. What is the highest common factor of 117 and w?
13
Suppose 5*y + 1807 - 7557 = 0. What is the highest common factor of y and 46?
46
Let g be (72/(-84))/((-6)/28). Suppose g = -3*h - 2. Let a be 97 - (-4)/(-4)*h. What is the highest common factor of a and 11?
11
Suppose -3 = 3*n - 6*n. Let u = 50 - 48. Calculate the highest common divisor of n and u.
1
Suppose 18*n - 20*n = -3*d - 1736, -n + 894 = 5*d. What is the highest common divisor of 69 and n?
23
Let a(w) = w**3 - 2*w**2 + 9*w - 14. Let f be a(4). Suppose o + 3*l - 47 = 0, -3*o + 5*l + f + 31 = 0. What is the highest common factor of o and 5?
5
Suppose -2*w = 2572 + 656. Let m be (w/(-14) - 5) + 2/(-7). What is the highest common factor of 10 and m?
10
Suppose -q + 4*t - 1 + 33 = 0, -3*q = 3*t - 51. What is the greatest common divisor of q and 50?
10
Suppose r = 5*c + 2 - 4, -5*r = -c + 10. Suppose -v + 14 = -3*a, -5*v + 0 + 20 = -5*a. Let o = v - r. What is the greatest common divisor of 1 and o?
1
Suppose -10*a + 13*a = 21. Let h = 187 + -159. What is the greatest common factor of h and a?
7
Let v be 3/(-3 - -6) + 17. Suppose b - v = -2*b. Let k be (-75)/(-2)*8/b. Calculate the greatest common divisor of k and 20.
10
Suppose -i + 576 = 3*b + 4*i, b - 5*i = 192. Calculate the greatest common factor of 16 and b.
16
Let k be ((-12)/20 + 3)*(-20)/(-3). Let h be (-1)/(-2) - (-21)/6. Calculate the greatest common factor of k and h.
4
Let p(n) = -n**2 - 26*n - 57. Let m be p(-20). What is the highest common factor of 63 and m?
63
Suppose 5*l + 2*n + 0*n = 69, -l + 5*n + 30 = 0. Let c be ((-3)/(-2))/(3/30). What is the greatest common factor of c and l?
15
Suppose 2*d + 272 = 19*d. What is the highest common divisor of d and 76?
4
Let h = -49 - -53. Let w be (3 - 2)*(1 - 1). Suppose -5*o + 42 - 2 = w. Calculate the greatest common divisor of o and h.
4
Suppose -1355 = -14*r - 319. Calculate the greatest common divisor of 4 and r.
2
Let c be 423177/207 + 2/(-6). Calculate the highest common factor of 14 and c.
14
Suppose -352 = 83*k - 91*k. Calculate the highest common factor of 2068 and k.
44
Let f(b) = -b - 1. Let h(u) = u + 3. Let m(v) = -2*f(v) - h(v). Let d be m(4). Suppose -8 = d*q - 4*q. What is the highest common divisor of q and 8?
8
Let b = -12 - -33. Suppose -x - 5*g = -6*g - 72, 0 = 2*x + 2*g - 164. Calculate the greatest common factor of x and b.
7
Let i = 312 + -13. Suppose -4*a + 0*a + 52 = 0. What is the greatest common factor of a and i?
13
Suppose 3*j = 64*c - 69*c + 455, 5*j - 201 = -2*c. Calculate the greatest common factor of 208 and c.
8
Let i be (-5)/(-20)*(46 + 6) - -1. What is the highest common factor of 448 and i?
14
Let u(a) = 11*a + 3. Let j be u(7). Let w(p) = 4*p + 13. Let k be w(-3). Suppose -k = h - 17. Calculate the highest common divisor of h and j.
16
Let h(q) be the first derivative of -6*q**2 + 1/3*q**3 + 10 + 12*q. Let o be h(11). Calculate the highest common divisor of 1 and o.
1
Let q(i) = -i**2 + 16*i + 72. Let l be q(0). Calculate the greatest common divisor of 276 and l.
12
Let i(y) = 2*y**3 - 8*y**2 + 6*y + 2. Let b be i(4). What is the greatest common divisor of 221 and b?
13
Let w(c) = c**2 - 3*c - 14. Let x be w(6). Let m be x/(-12) + 146/6. Calculate the greatest common factor of m and 3.
3
Let j(x) = 5*x + 122. Let z be j(-22). What is the greatest common factor of 12 and z?
12
Let b(g) = g**2 - g - 3. Let s be b(7). Suppose k + 934 = 3*a, 2*k - 316 = -a - 0*k. Calculate the greatest common factor of a and s.
39
Suppose 5*p = 8 + 17. Suppose -31*g = -33*g + 6. Suppose 5*w = 5*b + 440, -b = -p*w + g*b + 436. Calculate the highest common factor of w and 56.
28
Let f = 12 + -1. Let q(h) = 30*h**2 - 63*h + 116. Let k be q(2). What is the greatest common factor of f and k?
11
Suppose -4*i - i + 5*n + 25 = 0, 4*n = 5*i - 25. Suppose i*v - 3*g = 19, 2*g = -3*v + g + 3. What is the greatest common divisor of 2 and v?
2
Let r(u) = 69*u - 189. Let j be r(8). What is the greatest common factor of 3 and j?
3
Suppose 2*x + 2*x - 44 = 0. Suppose -2*b = 5 - x. Calculate the greatest common factor of b and 3.
3
Let q be (9/(-4))/((-6)/64). Suppose -12 - q = -3*m. Suppose 4*u - 44 = g, -57 = -5*u + 5*g - 17. Calculate the highest common divisor of m and u.
12
Suppose -4*q - 4 - 24 = -2*u, -5*q + 5*u = 25. Let v(r) = r**2 + 6*r. Let h be v(q). Calculate the highest common factor of h and 81.
27
Suppose -i + 2 = 4*l - 6, -l = 3. Let a be 308*(2 + i/(-12))*3. What is the greatest common factor of 28 and a?
28
Suppose 146*v + 176 = 162*v. Calculate the greatest common factor of v and 319.
11
Suppose -10 + 0 = -2*w. Suppose w*l = -0*l + 15. What is the highest common divisor of 27 and l?
3
Suppose 0*r - 5*r = -4*o - 477, 4*r = 2*o + 378. Calculate the greatest common factor of 6 and r.
3
Let d be 2*5/(-15)*-12. What is the highest common factor of d and 136?
8
Let i = 427 + 286. Calculate the highest common divisor of i and 31.
31
Let d = 232 - 219. Calculate the greatest common divisor of d and 247.
13
Let o(i) = i**3 + 2*i**2 - i + 8. Let n(z) = -z**2. Let s(u) = -4*n(u) + o(u). Let v be s(-6). Calculate the highest common divisor of 7 and v.
7
Let f(j) = -j**3 - 6*j*